17
Suppose 3*i + 3*f = 4*f - 5, -5*f + 10 = 0. Calculate the remainder when -2*(-3 - (-14)/i) is divided by 12.
10
Suppose -x + 2*c = -2, 0 = -5*x + 4*c + 7 + 3. Let w be (6/9)/(x/12). Suppose y = -w*y + 15. Calculate the remainder when 5 is divided by y.
2
What is the remainder when ((-8)/10)/((-40)/1300) is divided by 14?
12
Suppose 0 = 4*k - 8, m + 28 = 2*m + 5*k. Suppose -m = -y - 6. Calculate the remainder when -1 - (-2 + 2) - -23 is divided by y.
10
Let m = 33 - -55. What is the remainder when m is divided by 15?
13
Suppose -n + 44 = g - 0*g, 5*g = -20. What is the remainder when n is divided by 26?
22
Let d = -11 + 14. Suppose 20 = -d*h + 59. What is the remainder when h is divided by 4?
1
Let l = 13 + 3. Calculate the remainder when l is divided by 6.
4
Suppose 0 = -h + 1 + 8. Suppose d + 17 = 5*j, 4*d - 5*j + 2 - h = 0. Calculate the remainder when (-2 + 2)/1 - -15 is divided by d.
7
Let p(d) = d**3 + 6*d**2 - 8*d + 1. Let m(r) = -2*r + 1. Suppose -19 - 1 = -5*h. Let y be m(h). Calculate the remainder when p(y) is divided by 3.
2
Let r = 28 + 13. Let j(g) = -g + 10. What is the remainder when r is divided by j(-5)?
11
Suppose 115 = t - 0*t. Let v = t + -59. Suppose 0 = 4*b - 4, x - 7*b - v = -2*b. Calculate the remainder when x is divided by 21.
19
Let d(u) = -u + 9. Let b be d(4). Suppose -b*w + 48 = -4*p, 12 = 3*w - 3*p - 18. What is the remainder when 3 is divided by 8/20 + w/5?
1
Suppose 3*h - 96 = h - 3*c, 3*h - 2*c - 157 = 0. Let u(p) = -6*p. Let n = 2 + -5. Calculate the remainder when h is divided by u(n).
15
Let x = 97 + -86. Calculate the remainder when 43 is divided by x.
10
Let m(o) = -o + 38. Calculate the remainder when m(0) is divided by ((-48)/(-16))/(6/20).
8
Let q(j) = -j. Let u be q(-6). Let c(m) = m**3 - 6*m**2 + 3*m - 8. Suppose 0 = g - 11 - 8. What is the remainder when g is divided by c(u)?
9
Let j(u) be the second derivative of -1/12*u**4 + 4/3*u**3 + u + 0 + 11/2*u**2. What is the remainder when j(9) is divided by 2?
0
Suppose -4*x + 72 = -x. What is the remainder when x is divided by (-13)/2*(-6 + 4)?
11
Suppose -14*g + 60 = -11*g. Calculate the remainder when 58 is divided by g.
18
Let r(a) = 8*a**2 + 2. Calculate the remainder when r(-2) is divided by 12.
10
Suppose -3*q = -12, -5*q = -o + 2 - 21. Let n = 3 - o. Calculate the remainder when (-3)/12 + (-26)/(-8) is divided by n.
1
Suppose -5*j + 6*j - 2*o - 22 = 0, 3*o = -3*j + 102. What is the remainder when j is divided by 16?
14
Let b = 189 - 109. What is the remainder when b is divided by 17?
12
Let k = 212 - 130. Suppose 3*v = 6*v - p - k, 2*p = 2*v - 52. Let s(x) = 9*x**2 + 1. Calculate the remainder when v is divided by s(1).
8
Suppose -5*t - 5*n + 1355 = 0, -3*t - 4*n = -2*n - 808. What is the remainder when t is divided by 54?
50
Suppose 0 = -9*y + 4*y + 50. Suppose 4*v - 6 = y. What is the remainder when v is divided by (1 + 2)/(-3)*-2?
0
What is the remainder when 16 is divided by -18*(-4)/(-8)*-1?
7
Let k = 198 + -145. Calculate the remainder when k is divided by 14.
11
Suppose 3 = -2*l - 1. Let c(r) = -9*r - 2. Let o be c(l). Suppose 0*w + 2*w - o = 0. Calculate the remainder when w is divided by 3.
2
Calculate the remainder when 50 is divided by (-1)/(-3)*(122 + -35).
21
Suppose -u + 2*j = -13, 3*u + 2*j - 17 = -3*j. Suppose 2*q - 102 = 4*q. Let h = -25 - q. Calculate the remainder when h is divided by u.
8
Let w = -25 + 36. Calculate the remainder when 42 is divided by w.
9
Let w be (1 + 1)/(6/(-45)). Let b = -3 - w. Suppose 0 = -v - 5 + 28. Calculate the remainder when v is divided by b.
11
Suppose 7*n - 155 = 2*n - z, -5*z + 25 = 0. Let h = n - 27. Calculate the remainder when 17 is divided by h.
2
Let i(x) be the second derivative of x**5/20 + 5*x**4/12 - x**3/3 + 3*x**2/2 - x. Calculate the remainder when 50 is divided by i(-5).
11
Suppose -3*h = -2 - 103. Let d(j) = j - 11. Let r be d(13). Suppose -h = o - r*o. Calculate the remainder when o is divided by 12.
11
Let v = -19 + 28. What is the remainder when v is divided by 3?
0
Suppose c + 7 = 24. Let l = 23 + -13. What is the remainder when c is divided by l?
7
Let w(l) be the third derivative of -l**6/120 + 7*l**5/60 - 5*l**4/24 - l**3/6 - 2*l**2. Let d = 17 - 11. What is the remainder when 13 is divided by w(d)?
3
Let r = 48 + 37. Suppose -4*c + 13 = 1. Suppose -b + 2*w = 4*b - r, c*w = -4*b + 91. Calculate the remainder when b is divided by 7.
5
Suppose 0 = t - 3, 20 = -2*n + 5*t + 51. Let u = -1 + 1. Suppose -d = -2, -3*p - 4*d + u*d = -32. Calculate the remainder when n is divided by p.
7
Let o = 13 + -34. What is the remainder when (-28)/o*(0 - -6) is divided by (-1 + 0)/((-1)/3)?
2
Suppose 4*s + 53 = -f + 6*f, 0 = f + 5*s + 1. Let p(x) = -6*x - 5. Let u be (25/15)/(1/(-3)). Calculate the remainder when p(u) is divided by f.
7
Suppose u = o, 4*u - 2*u + 21 = -5*o. Calculate the remainder when 47 is divided by 15 - (u + 4 + -2).
15
Suppose 5*d - 120 = -4*p + 2*p, -5*d = -4*p - 90. Suppose c + c = d. Calculate the remainder when 41 is divided by c.
8
Let q = 3 + 9. Let n = q + 1. Calculate the remainder when n is divided by 5.
3
What is the remainder when (-8)/(-20) - (-168)/5 is divided by 12?
10
Suppose 89 = 5*f - 106. Calculate the remainder when 154 is divided by f.
37
Suppose -2*r - 2 = -10. Suppose x - 26 = -0*x - 5*k, -r*x + 4*k + 56 = 0. What is the remainder when x is divided by 6?
4
Suppose -14 = g + 5*v + 4, 0 = 3*g + v - 16. Let n = 31 + -19. Suppose 28 = 2*k + 4*m, m + n = -3*m. Calculate the remainder when k is divided by g.
6
Let r be (-1)/(-6) + (-44)/(-24). Suppose r*d = l, 4*l - 44 = -d - 2*d. What is the remainder when 0/1 + 22 + 33 + -34 is divided by l?
5
Let j(v) = -v**2 + 3*v - 4. Let d be j(-3). Let l = d - -39. What is the remainder when l is divided by 6?
5
Calculate the remainder when 70 - (-15)/9*3 is divided by 38.
37
Let z = 22 + -72. Calculate the remainder when 3 is divided by (-30)/z - (-2)/5.
0
Suppose -116 - 49 = -5*s. Let c = s + -7. What is the remainder when c is divided by 14?
12
Suppose -3*i + b = -7, 8*b - 21 = i + 3*b. Suppose -79 = -i*m + 125. What is the remainder when 23 is divided by (-2)/4 - m/(-6)?
7
Let g(m) = -m**2 - 7*m - 6. Let b be g(-4). Let n(f) = -f**2 + 4*f - 7. Let x be n(b). Let c = x + 51. What is the remainder when c is divided by 17?
15
Let n be ((-21)/(-27) + 4/18)*1. Let u be (-1)/(-3) + (-14)/6. What is the remainder when u/(-1) + n + 21 is divided by 13?
11
What is the remainder when 31 is divided by -2 - 4 - -2 - -21?
14
Suppose -4*c - 2*m = -40, c - 13 = -5*m + 15. What is the remainder when 54 is divided by c?
6
Let l = 16 - 11. Suppose 8*d = 21*d - 91. Calculate the remainder when d is divided by l.
2
Let l(g) = 3*g + 2*g + 4*g. Suppose 27*f - 210 = -8*f. What is the remainder when l(1) is divided by f?
3
Let h be (-160)/(-6) + (-1)/(-3). Suppose -h = -w - 4*i, 3*i = w + 5*i - 17. What is the remainder when w is divided by 4?
3
Let f be (20 + 5)/(0 + 1). Calculate the remainder when 73 is divided by (5/1)/(5/f).
23
Let g(s) be the first derivative of 4*s**3/3 + 3*s**2/2 + 2*s - 1. What is the remainder when g(-4) is divided by 14?
12
Let u be (-4 + 2)/(0 + -1). Suppose 5*b = -0*b + 5. What is the remainder when 0 + b + u - -8 is divided by 4?
3
Let f = -36 - -47. Calculate the remainder when f is divided by 4.
3
Let f be (5/2)/((-4)/(-8)). Let s = f + -5. Suppose -17 = -i - s*i. Calculate the remainder when i is divided by 6.
5
Suppose 0 = 3*p - p - 10. Suppose 21 = 2*q + p. What is the remainder when q is divided by 5?
3
Suppose 380 = 5*y - s, -y + s - 4*s + 60 = 0. What is the remainder when y is divided by 19?
18
Suppose -8*k - 30 = -3*k. Let i(l) = l**3 + 6*l**2 - l + 5. Calculate the remainder when 32 is divided by i(k).
10
Suppose -5*a - q - 8 = 341, -4*q + 53 = -a. Let z = a + 103. Suppose -5*j + 17 = -43. Calculate the remainder when z is divided by j.
10
Let o(i) = i**2 - 4*i - 6. Calculate the remainder when o(9) is divided by 20.
19
Suppose -v - 104 = -2*m - 0*v, -3*m = -3*v - 162. Let x(y) = -17*y**3 + 2 - y - y**2 - 2. What is the remainder when m is divided by x(-1)?
16
Let m(p) = p**3 - p + 12. Calculate the remainder when m(0) is divided by 5.
2
Let s(p) = -2*p**3 - 3*p**2 + 2*p + 2. Calculate t